-2). Calculate the greatest common divisor of r and 12.
12
Suppose -k = y - 108 - 16, 2*k = -2. Suppose 119*s - y*s = -42. Calculate the highest common factor of s and 154.
7
Let t be 3 + (-762)/(-2) + (1 - -5). Calculate the highest common divisor of 30 and t.
30
Suppose -5*n + 15 = 0, 17*m - 3*n = 13*m + 107. Calculate the greatest common factor of 203 and m.
29
Let y be 129 - (8 - (10 + -1)). Calculate the highest common divisor of 15 and y.
5
Let b be 46/115 + 4/(-10). Suppose -4*a = 3*m - 20, b = 5*a - 0*m - 2*m - 48. What is the highest common divisor of a and 16?
8
Let h(t) be the second derivative of -t**5/20 - t**4/12 - t**3 - 2*t**2 + 4*t. Let l be h(-4). What is the greatest common divisor of l and 34?
34
Let l(z) = 2*z + 1. Let b be l(1). Suppose -1 = m - b. Suppose -3*v = -3*p + 33, 0*v + m*v = -3*p + 38. What is the greatest common divisor of p and 132?
12
Suppose -5 = 2*g - 5*y + 3, 4*g - 44 = -5*y. What is the highest common divisor of g and 66?
6
Let k = 48 + -20. Let x(n) = 37*n - 16. Let w be x(1). Calculate the highest common factor of k and w.
7
Suppose g + 5*g = -0*g. Suppose -a + 0*a + 17 = g. What is the greatest common factor of a and 119?
17
Let m be 3700/22 - 8/44. Calculate the highest common divisor of m and 294.
42
Let x be 61/4 + 33/44. Suppose 2*p - 353 = q, 4*q = -0 - 4. What is the highest common divisor of p and x?
16
Let h be (-71)/(-3) - ((-19)/3 - -5). What is the greatest common factor of 225 and h?
25
Let t(b) = 11*b - 7. Let z = -81 + 94. Let l be t(z). Let w = 49 - 32. Calculate the highest common divisor of w and l.
17
Suppose 0 = 2*n + 2*q - 2, n = 6*n - 3*q - 29. Let w be n*1 - (-27 - -7). What is the highest common divisor of 3 and w?
3
Let u be -1 - (-77 - (-4)/2). What is the greatest common factor of 111 and u?
37
Let d(n) = -2*n**3 - 17*n**2 + 8*n + 18. Let a be d(-9). Calculate the greatest common factor of 144 and a.
9
Let b be (-1 - -77) + 12 + (1 - 8). Calculate the highest common divisor of b and 261.
9
Suppose -8*c - 15215 = 4185. Let b be 2/(-7) + c/(-35). What is the greatest common factor of 23 and b?
23
Suppose 56*y + 4*i - 56 = 52*y, 2*y = 5*i + 14. Let c = -8 - 7. Let a be 5/(c/16)*-9. What is the greatest common divisor of a and y?
12
Suppose 0*q - 160 = -5*q. Let l = -1 + 5. Suppose -q = -4*u - l. What is the highest common factor of u and 63?
7
Suppose -15 = -0*j - 3*j. Suppose j*s - 58 = 4*g, 3*g + 30 = 3*s - 6. Calculate the greatest common factor of s and 90.
10
Suppose 0 = -5*v + 29 + 6. Suppose -v*b = -2*b - 10. What is the greatest common factor of 22 and b?
2
Let b = -8 + 0. Let z(i) = -i**3 - 8*i**2 + i + 8. Let x be z(b). Suppose x = 5*f - 193 - 247. Calculate the highest common divisor of f and 11.
11
Let r(f) = f**3 - f**2 + 33*f - 96. Let k be r(3). Suppose 3*b + 5*m = 257, -2*m - 187 = -3*b + 63. What is the highest common divisor of b and k?
21
Let d(f) = 9*f - 10. Let b be d(2). Let j(u) = -u + 5. Let a be j(-3). Calculate the highest common divisor of b and a.
8
Let q(w) = 14*w + 117. Let x be q(0). Let k be (-2)/(-5) - 126/(-10). Calculate the highest common divisor of k and x.
13
Let d = -135 - -159. Suppose -w - 5*a - 4 = 0, 3*w - a - 6 = -2*w. Let j = 5 + w. Calculate the greatest common divisor of d and j.
6
Let i be (-284)/(-12) - 1/(-3). Suppose i = -3*d + 84. What is the highest common factor of 10 and d?
10
Suppose -2*s = -f + 98, 2*f - 5*s - 110 = f. What is the greatest common factor of 300 and f?
30
Suppose -3*t + 32 = -4*b, 4*t - 5*b + 2*b = 38. What is the greatest common divisor of t and 32?
8
Let p(k) = -k + 1. Let i be p(-7). Suppose -i*r + 2*r = -12. Suppose -2*o - 2 = 0, -r*l = -5*l + 5*o + 65. Calculate the highest common divisor of l and 5.
5
Let p = -121 + 246. Suppose 5*q - 122 - 137 = -3*g, -2*q - 2*g = -106. What is the greatest common factor of p and q?
25
Let z = -735 - -743. Calculate the highest common factor of 72 and z.
8
Let v be 5/2*-1*(-136)/10. What is the greatest common factor of v and 646?
34
Let x be 1 + 2*(-4)/(-8). Let q = -10 + x. Let r be (15 - 3)*q/(-2). What is the greatest common divisor of 6 and r?
6
Let z = 18 - 10. Let x = z - -48. Calculate the highest common factor of 84 and x.
28
Suppose j = w, -3*j + 40 = 6*w - w. What is the highest common divisor of 5 and j?
5
Let t(j) = -j**2 + 10*j - 7. Let k be t(8). Suppose 9*v = 259 + 308. Calculate the greatest common factor of v and k.
9
Suppose -2*t - 3*p = -t - 42, p + 62 = t. Let o(b) = 10*b**2 - 4*b + 3. Let x be o(4). Suppose 0 = 4*n - 5 - x. What is the highest common divisor of n and t?
19
Suppose 0 = g - 5*c - 399, -2*g - c = 2*g - 1491. Suppose y = -5, 4*a + 43*y - 46*y = 151. Calculate the greatest common factor of g and a.
34
Suppose 3*z - 53 = -5*j, -5*j - 71 = -3*z - j. What is the greatest common divisor of 231 and z?
21
Let w = 1073 - 452. Calculate the highest common factor of w and 27.
27
Suppose -17 = 4*l - n - 93, -2*n = -2*l + 32. Let y = 29 - l. Suppose -p + 4*b = -45, 5*b - 225 = 2*p - 7*p. Calculate the highest common factor of y and p.
9
Suppose 3*b - 32 = 1. Suppose -b = q - 22. What is the greatest common factor of q and 209?
11
Suppose j - 6 = -1. Let q = 24 - 19. Let t be q/(-25) - (-151)/j. Calculate the highest common divisor of t and 45.
15
Let r = -81 + 138. Let c = r + -49. Suppose -5*i - 2*h = -31 - 19, 23 = i + 3*h. What is the highest common divisor of c and i?
8
Let a(b) = -b**2 - 23*b - 39. Let w be a(-20). Calculate the highest common divisor of 189 and w.
21
Suppose w + 16 - 141 = -4*i, -122 = -4*i - 2*w. Suppose 33*r - 17 = i*r. Let d be ((-102)/9)/(2/(-3)). Calculate the highest common factor of d and r.
17
Let l(t) be the second derivative of t + 4*t**2 + 0 + 1/2*t**3. Let g be l(5). Calculate the highest common divisor of g and 23.
23
Let l be (-836)/(-7) + (-8)/(-14). What is the greatest common divisor of l and 84?
12
Suppose 4*h = h + 24. Suppose -3*a + h = -4, 0 = -2*u + a + 10. Suppose -r = -58 + 30. What is the highest common factor of u and r?
7
Suppose -2*h = -5*h + 24. Let r(w) = w**2 + 14*w - 13. Let q be r(-15). Let s be 70/14 + q*-2. Calculate the greatest common divisor of s and h.
1
Suppose 4*h - 5*q = 1789, -5*q - 1754 - 486 = -5*h. Calculate the greatest common divisor of 41 and h.
41
Suppose l - 5*l - 18 = -5*o, -2*l = -5*o + 14. Suppose 3 + 2 = a. Suppose -a = -o*t + 3. Calculate the highest common factor of 16 and t.
4
Suppose 3*q - 5*c = 20, 20 = -4*q + 2*q - 5*c. Suppose 3*f + 2*f - 180 = q. Let u = f + -35. Calculate the highest common factor of 9 and u.
1
Let h be 2/(-3) - -147*18/81. Calculate the highest common factor of 160 and h.
32
Let c(f) = -2*f**3 - 5*f**2 + 15*f + 50. Let b be c(-6). Calculate the highest common factor of 530 and b.
106
Suppose 2*d - 13 = -58*u + 57*u, -3*u - d + 49 = 0. Calculate the highest common divisor of u and 731.
17
Let y(c) = -8*c - 53. Let b be y(-7). Suppose b*g - 8 = 13. What is the greatest common factor of g and 77?
7
Let b(n) = -7*n - 20. Let v be b(-4). What is the greatest common divisor of v and 40?
8
Suppose 0 = -q + 3*q - 2*m, m = 2. Suppose q*j - 4 + 0 = 0. Suppose 0*g - 2*n = g - 4, 4*g - 27 = 3*n. What is the greatest common factor of j and g?
2
Let j(v) = -v**3 - 4*v**2 + v + 4. Let l be j(-3). Let t = l + 22. Let c be (43*1 + 1)*(-2870)/(-820). What is the greatest common divisor of t and c?
14
Suppose 1208*x = 1202*x + 900. Calculate the highest common divisor of x and 1725.
75
Let l = 326 + -226. Calculate the greatest common divisor of 50 and l.
50
Suppose 0 = -10*g + 14*g - 16. Suppose -4*k - 16 = -8*k. What is the highest common factor of k and g?
4
Let z be 0/(-6)*1/3. Let l be (1/2*z)/(-2). Let j be (-108)/30*(l - 25). Calculate the greatest common divisor of j and 36.
18
Let t(b) = -26*b**3 - 6*b - 6. Let m be t(-1). Let g = -360 - -704. Let d = -240 + g. What is the highest common factor of d and m?
26
Suppose -146*g = 2*l - 151*g - 151, 4*l - 307 = 5*g. What is the highest common divisor of 6 and l?
6
Let s be 10 - (1 + 0)*(8 + -10). What is the highest common factor of s and 64?
4
Let n be (2 + 8/4)/((-3)/(-6)). Suppose 0*i + 156 = 2*i. Suppose n*t = 5*t + i. Calculate the greatest common divisor of t and 182.
26
Let u = -14 + 77. Suppose